mmon divisor of m and l.
7
Suppose 0 = -17*l + 177 + 163. Calculate the greatest common factor of l and 460.
20
Let c(d) = -130*d - 3. Let a be c(-1). Let r = a - 7. Calculate the greatest common factor of r and 15.
15
Suppose -3*z - 56 = 34. Suppose -m + 35 = 4*u, -2*u + 137 = 4*m - 59. Let t = z + m. What is the highest common divisor of t and 231?
21
Let h(s) = 94*s**2 + s - 177*s**2 + 89*s**2 - 2. Let p be h(-4). Calculate the highest common divisor of p and 20.
10
Let k(i) = -i - 1. Let a(o) = 9*o + 22. Let t(d) = -a(d) - 4*k(d). Let h be t(8). Let v = h - -83. What is the highest common divisor of 200 and v?
25
Let x(l) = -9*l - 3*l - 4 + 6*l. Let o be x(-2). Suppose -2*i - 144 = -o*i. Calculate the greatest common factor of 16 and i.
8
Suppose -z = p - 0*p - 23, 2*p = -5*z + 46. Let t = -17 + p. Let l(o) = -o**2 + 16*o - 7. Let x be l(11). Calculate the highest common divisor of x and t.
6
Suppose 0 = a - 3*q - 10 - 3, -3*a - q = -29. Suppose -a*r = -4*r - 2376. Calculate the greatest common factor of r and 36.
36
Suppose 0 = -5*m - 4*v + 4628 + 381, -5*v = -5*m + 5000. What is the greatest common factor of m and 154?
77
Let u = 15 - 9. Let m = -1 + u. Suppose 0 = -4*v - 16, -5*v = -2*t - 3 + 25. Calculate the greatest common divisor of m and t.
1
Suppose -4*x + x + 4*b = -74, -x + b + 23 = 0. Let f be 2/2 + 0 - -2. Suppose -f*j = -0*j - 27. What is the highest common factor of x and j?
9
Let b(r) be the third derivative of 1/60*r**5 + 0*r - 7/6*r**3 + 1/12*r**4 + 0 - 5*r**2. Let p be b(7). What is the highest common divisor of p and 8?
8
Let u be 2/1 - (20 + 1). Let w = 49 + u. What is the greatest common factor of 90 and w?
30
Suppose -2*w - 4*x + 6 = -8, 5*x - 10 = -w. Suppose 3*h - 2 = h + w*c, h - 2*c - 2 = 0. Calculate the greatest common divisor of 10 and h.
2
Suppose 0 = h - 4, 2*l - 18 = -2*h - 0. Let u(n) = 26*n + 14. Let q be u(l). What is the highest common factor of 12 and q?
12
Let m(z) = -z**2 - 26*z - 31. Let s be m(-23). What is the greatest common factor of 95 and s?
19
Let f be 2 + 0*2/(-6). Suppose 13*b = 15*b - 34. Let a = b + -16. What is the highest common factor of a and f?
1
Suppose -5*z + 4*h + 110 = 0, 3*z = 10*h - 7*h + 66. Calculate the highest common divisor of z and 22.
22
Let h(c) = c**2 - 14*c - 22. Let f be h(16). What is the greatest common factor of 9 and f?
1
Suppose 124 = 5*k - 76. Suppose 0 = 3*m - 0*m - 24. What is the greatest common divisor of k and m?
8
Let m = -1245 - -1488. What is the highest common factor of 135 and m?
27
Let f be 1/(4/10)*-2. Let r(b) = -6*b - 13. Let a be r(f). Calculate the greatest common divisor of a and 85.
17
Let z(r) = -12*r - 252. Let d be z(-22). Calculate the highest common divisor of 28 and d.
4
Let c be (-8)/12*(-4 - 146)/5. What is the highest common divisor of c and 12?
4
Suppose k = 3*k. Suppose -h + 4*q + 125 = 46, k = 4*h - q - 271. Let x = h - 39. What is the highest common divisor of 7 and x?
7
Let v = 10 - 9. Suppose -5*m + 36 = v. Let i = m - -2. What is the greatest common factor of 9 and i?
9
Let p be -2*2 - 6/(-4)*274. What is the greatest common divisor of p and 74?
37
Let h be 3*(-4 + 48/9). Suppose 0 = 5*t - j - 23, -h*t = j - 3*j - 22. What is the highest common divisor of t and 28?
4
Let p(i) = -80*i + 1. Let u be p(-2). Let d = 70 - 72. Let q be (-1)/d - ((-175)/10 + -5). Calculate the highest common factor of q and u.
23
Suppose 8*i - 8 = -0. Suppose 5*h = i + 239. Let d = -5 - -11. What is the greatest common divisor of h and d?
6
Suppose -5*v = -2*p, -11 = -3*p - v + 6. Suppose 0 = 3*c - 15, -p*c - 39 = -a - 3*a. What is the greatest common factor of a and 192?
16
Let l(s) = s**2 - 4*s + 3. Let u be l(4). Let i be 5745/40 - u/(-8). What is the greatest common factor of 16 and i?
16
Suppose -7*c = -113 + 36. Let y be (-256)/(-6) - 12/(-9). What is the greatest common divisor of c and y?
11
Let d(t) be the third derivative of t**5/30 + t**4/12 - 13*t**3/6 - 13*t**2. Let z be d(-4). What is the highest common factor of 88 and z?
11
Suppose 0 = -n + 5*n - 60. Suppose 5*m = n + 10. Let z be 381/12 - m/(-20). Calculate the highest common divisor of z and 8.
8
Let g(v) = -v**2 + 38*v + 87. Let n be g(39). What is the greatest common divisor of 272 and n?
16
Suppose 171*h + 546 = 184*h. What is the greatest common factor of h and 30?
6
Suppose -4*l + 2*c = -l - 20, -16 = -5*l - c. Let h be 9/2 - l/8. Suppose h*x + 26 - 82 = 0. Calculate the greatest common divisor of 56 and x.
14
Let h be -2 + 4 + -42*1. Let l = h - -55. Calculate the greatest common factor of 5 and l.
5
Let x = -2 + 14. Suppose -h = h - x. Suppose -2*r = 1 - 5. Calculate the greatest common divisor of h and r.
2
Let t = 180 + -159. Calculate the highest common factor of t and 14.
7
Suppose -83 - 70 = -a. What is the highest common divisor of a and 357?
51
Suppose -5*a + 7 = -8. Let n = a + 3. Suppose -x = -n*x + 15. What is the highest common divisor of x and 33?
3
Suppose -p - 3*p - 4*t = -31432, 0 = p + 4*t - 7861. Let v = 13295 - p. Let r be 6/(-39) - v/(-26). Calculate the greatest common divisor of r and 19.
19
Suppose -n + 2*y = -93, 2*n + 4*y - 6*y - 192 = 0. Calculate the highest common divisor of n and 352.
11
Let s(m) = m + 176. Suppose 0*c = 5*c + 2*v - 6, -4*c = -3*v + 9. Let a be s(c). Calculate the greatest common divisor of 16 and a.
16
Suppose 0 = 3*q + 5*p - 105, -10 = -4*q + 3*p + 101. What is the greatest common divisor of q and 890?
10
Suppose 3*k = -2*r + 50, 15 = 8*k - 7*k - r. Calculate the greatest common divisor of k and 40.
8
Let w = 583 - 490. Calculate the highest common divisor of 713 and w.
31
Suppose -3*y = 3*k - 78, -2*k + 50 = -k - 5*y. Suppose k = -3*c + 72. Let r(i) = 36*i**2 - 1. Let b be r(1). Calculate the greatest common divisor of b and c.
7
Let d(c) = -201*c**2 + 0*c + 20*c + 27 + 202*c**2. Let w be d(-19). What is the highest common factor of 48 and w?
8
Let f be ((-5)/((-50)/168))/(2/5). Calculate the greatest common divisor of f and 8.
2
Suppose -3*r = 2*r - 2*r. Suppose 0 = -2*a + 5*v + 66, r = a - v - 31 + 4. What is the greatest common factor of a and 161?
23
Suppose 4 = r - 0. Let s be ((-1)/(1/(-3)))/(24/16). Suppose -3*d = 3*b - 39, 4*b + r - s = 2*d. Calculate the greatest common divisor of d and 45.
9
Let o(u) = 321*u**2 - 5*u + 8. Let k be o(1). Calculate the greatest common factor of 36 and k.
36
Let p(q) = -q**2 + 2*q - 1. Let f be p(1). Let c = 17 - 0. Let k = c - f. What is the highest common divisor of 17 and k?
17
Let g be 6 + 7 + -9 + 1. Calculate the greatest common factor of g and 4.
1
Let c(r) = r**2 - r + 4. Let s be c(0). Let i be (15/9)/(s/36). Calculate the greatest common divisor of 30 and i.
15
Let d be 84/12 - -12 - (-3 + -1). What is the greatest common divisor of d and 644?
23
Suppose 7*p - 28 = 2*p - m, -32 = -4*p - 4*m. Suppose c - 32 = -3*c + 5*k, -3*c + 24 = p*k. Calculate the highest common factor of 56 and c.
8
Suppose -2*l + 5*n = 23, n = -n + 6. Let a be (6/l)/((-3)/(-8)). Let t(p) = -12*p - 6. Let g be t(a). What is the highest common divisor of g and 6?
6
Let l(j) = -26*j + 14. Let x be l(19). Let g(k) = k**2 - 4*k + 4. Let h be g(4). Let q be 1/((-2)/x*h). What is the greatest common divisor of 12 and q?
12
Let d be 33/2 + (-1)/(-2). Suppose -g + 34 = 4*w, 5*w - 4*g = 1 + 52. Suppose -6*r - 306 = -w*r. Calculate the greatest common factor of r and d.
17
Let z(l) = -4*l - 62. Let h be z(-18). Calculate the highest common factor of 25 and h.
5
Let b = -58 + 53. Let j be (115/5 - b) + 2. Calculate the greatest common divisor of j and 15.
15
Let y(p) = -p**3 - 9*p**2 - p - 12. Let c = 134 + -144. Let x be y(c). What is the greatest common factor of 14 and x?
14
Let m(t) = -t + 4. Let r be (-11)/(-1 - -2 - 0). Let a be m(r). Suppose 5*d - 448 = 2*n + 231, 395 = 3*d + 5*n. What is the highest common divisor of d and a?
15
Let j = -705 - -820. Suppose 0 = -l + 14 + 9. What is the greatest common factor of l and j?
23
Let t(d) = -7*d**3 - 2*d**2 - d - 1. Let r be t(-2). Let k = -21 + r. What is the highest common divisor of 224 and k?
28
Suppose 5*r - c - 36 = 0, 4*c + 48 = 315*r - 311*r. Let d be (1/3)/((-3)/(-27)). What is the greatest common divisor of r and d?
3
Let u(g) = g**3 + 6*g**2 - 15*g + 18